ase 2) to base 11
-677441
What is -3021400403 (base 5) in base 3?
-102101001121102
Convert -1010100001010011100010 (base 2) to base 4.
-22201103202
108ba (base 13) to base 3
1112020120
4290006 (base 11) to base 5
3412240441
532d8 (base 14) to base 7
1464461
Convert -122021202212 (base 3) to base 4.
-1103010311
Convert 41040 (base 14) to base 7.
1221110
What is 2c331 (base 14) in base 10?
110391
Convert 350395 (base 11) to base 15.
aeeba
11200011201122 (base 3) to base 6
125121412
What is -11034033 (base 5) in base 9?
-155785
Convert -e7a2 (base 15) to base 4.
-23331101
1484543 (base 10) to base 5
340001133
42523143 (base 6) to base 7
13445406
What is 210131330 (base 4) in base 13?
52cb2
Convert -2334725 (base 8) to base 12.
-268a45
71103 (base 10) to base 14
1bcab
Convert 2aa451 (base 11) to base 13.
13b72a
What is -2033544 (base 6) in base 7?
-555610
What is 432b (base 13) in base 12?
5498
What is 365402 (base 12) in base 5?
211131010
Convert 10933 (base 16) to base 2.
10000100100110011
What is -20709b7 (base 13) in base 14?
-14477a0
What is -4560443 (base 9) in base 15?
-339193
What is -59a261 (base 13) in base 4?
-20021131131
Convert -7233044 (base 8) to base 7.
-22162232
1101011010001110100110 (base 2) to base 11
1a9110a
What is -1653726 (base 9) in base 15?
-132eb3
2100102 (base 5) to base 14
c774
-65042 (base 10) to base 14
-199bc
-3013012021 (base 4) to base 3
-1112102122121
Convert -2925174 (base 12) to base 7.
-130136611
What is -11622273 (base 8) in base 12?
-a38677
-630063 (base 12) to base 3
-2221000102210
What is -7358738 (base 9) in base 5?
-2001431343
-3515563 (base 7) to base 2
-1101011110000101100
Convert -6430dd (base 14) to base 4.
-30323121223
What is -2535161 (base 8) in base 3?
-1022201110100
Convert -211410442 (base 5) to base 7.
-10356433
What is 2b279a (base 12) in base 6?
23353114
Convert 111131133103 (base 4) to base 8.
25353723
Convert -10000010001111010000010 (base 2) to base 13.
-b6564a
-420194 (base 14) to base 8
-10400346
What is 63434601 (base 7) in base 13?
11604c3
Convert 9244c0 (base 13) to base 3.
20102011102021
-3b4721 (base 15) to base 4
-22313310322
What is 689080 (base 10) in base 3?
1022000020111
What is -333330003320 (base 4) in base 15?
-17113a5
-6c083 (base 14) to base 4
-1000111303
What is 12085a6 (base 11) in base 14?
3cb1d6
Convert -572e6 (base 15) to base 10.
-277416
Convert 2227437 (base 9) to base 6.
41413311
What is 16884 (base 13) in base 6?
532003
What is 108cc4 (base 13) in base 5?
100003212
-131322100 (base 4) to base 3
-20020001111
What is 40237621 (base 8) in base 14?
11a6c5b
Convert 1286c0 (base 14) to base 4.
2123300000
What is 1e1630 (base 15) in base 13?
3c7548
Convert 11000000000110011101 (base 2) to base 12.
31b425
Convert 100201002002101 (base 3) to base 13.
10b7c63
368f5 (base 16) to base 9
370487
Convert -10100010100000101010 (base 2) to base 6.
-22133402
-3174775 (base 8) to base 5
-204203204
Convert -4434232 (base 5) to base 11.
-53202
Convert -170440 (base 9) to base 11.
-72160
Convert 1000100100221120 (base 3) to base 9.
30310846
-225ad (base 14) to base 5
-10132303
-212201220010 (base 3) to base 6
-14003003
13013010203 (base 4) to base 7
21562214
What is 11100010100011000 (base 2) in base 6?
2253000
Convert 1003375 (base 10) to base 16.
f4f6f
What is 94cbb1 (base 13) in base 9?
6500436
Convert 441713 (base 9) to base 14.
6c192
What is -2340003320 (base 5) in base 16?
-5242ed
What is -11110101101101 (base 2) in base 4?
-3311231
What is 330023521 (base 6) in base 13?
12ac435
34c12b (base 14) to base 15
25864e
What is 15bc5 (base 13) in base 7?
232120
Convert 2808a (base 15) to base 6.
2430204
Convert 2560c (base 15) to base 9.
201813
Convert -115375a (base 12) to base 7.
-40300324
What is 124355 (base 6) in base 5?
331000
6513ab (base 12) to base 5
402131323
What is 1310201 (base 5) in base 9?
38188
What is 17991 (base 15) in base 16?
12a7b
Convert -43b6a (base 12) to base 16.
-15ec2
Convert -15161051 (base 9) to base 16.
-730aa4
What is -222ac1 (base 13) in base 5?
-201242244
2054903 (base 10) to base 15
2a8cd8
-1413285 (base 10) to base 12
-581a59
22216424 (base 7) to base 5
442430141
-310010231223 (base 4) to base 2
-110100000100101101101011
-90f400 (base 16) to base 2
-100100001111010000000000
100001101111111110011110 (base 2) to base 7
135125524
What is -12c51a (base 14) in base 16?
-9e58c
Convert 23202143 (base 5) to base 15.
421d3
1112113121 (base 4) to base 2
1010110010111011001
-370970 (base 10) to base 13
-ccb12
What is 1734a (base 15) in base 14?
1d48b
Convert 2103323 (base 6) to base 5.
11224414
6b1460 (base 12) to base 6
100535000
What is 7b5764 (base 12) in base 9?
3646504
-41322254 (base 6) to base 2
-100100011001110011010
-746744 (base 10) to base 6
-24001052
Convert 100211001222000 (base 3) to base 11.
2a43a25
-110001001010011100 (base 2) to base 9
-336206
What is -7c2c3 (base 16) in base 10?
-508611
What is 6513225 (base 7) in base 6?
25001300
What is 179a4 (base 15) in base 11?
52471
-111512241 (base 7) to base 5
-3214340432
What is -10000101010101101101 (base 2) in base 13?
-161791
What is 3573877 (base 12) in base 14?
15372d5
What is 245351410 (base 6) in base 7?
55211220
What is 10533 (base 7) in base 14?
d8a
37b444 (base 12) to base 5
213130114
What is d21 (base 15) in base 13?
1465
What is 2736430 (base 8) in base 6?
24253332
Convert -b12b23 (base 12) to base 5.
-1201403310
-106db6c (base 15) to base 4
-230302122123
-11111110101110000000000 (base 2) to base 13
-1963140
Convert 11333303311 (base 4) to base 13.
430738
What is 1071414 (base 12) in base 2?
1011111101000000010000
-5052440 (base 6) to base 16
-3aae8
Convert -10012110020102 (base 3) to base 7.
-20315051
-43342411 (base 6) to base 15
-1a6d07
-37883 (base 10) to base 6
-451215
Convert 4c893 (base 15) to base 12.
b98b6
-1a09b5 (base 13) to base 14
-13200c
Convert -5432136 (base 8) to base 10.
-1455198
-8553a (base 15) to base 16
-6748f
Convert 460642 (base 7) to base 2.
10100000000100110
What is c3c21 (base 15) in base 3?
1011111222011
What is -12343036 (base 7) in base 6?
-40000454
What is -214565 (base 8) in base 13?
-26a47
11320001231 (base 4) to base 3
2220020202122
-11334443 (base 5) to base 15
-21468
Convert -540063 (base 7) to base 3.
-11202111210
Convert 434243 (base 7) to base 4.
102202130
223917 (base 10) to base 5
24131132
What is -32554 (base 16) in base 3?
-101110210201
What is 185063 (base 12) in base 16?
6760b
Convert 4770506 (base 9) to base 16.
277365
-1e9d65 (base 15) to base 3
-2211021200212
Convert -211100122 (base 3) to base 9.
-24318
Convert 4346261 (base 9) to base 2.
1000111001110000110010
Convert -30314020 (base 5) to base 16.
-3bc95
What is 416aa2 (base 16) in base 3?
22001210211220
-11322113131 (base 4) to base 12
-628a51
Convert 16546 (base 14) to base 10.
55922
-52321 (base 10) to base 15
-10781
Convert -11729276 (base 10) to base 2.
-101100101111100101111100
Convert -15a412 (base 13) to base 3.
-1000021021222
What is -15985aa (base 12) in base 6?
-234551534
Convert 46250543 (base 7) to base 8.
17336211
5130120 (base 6) to base 8
736400
What is 371156 (base 8) in base 13?
46103
-3878816 (base 9) to base 4
-20011113201
What is -3005343 (base 6) in base 11?
-97089
-4324141400 (base 5) to base 14
-131a07d
What is 1001000100110011001100 (base 2) in base 12?
968864
What is 1ca09 (base 13) in base 12?
28928
Convert -142988 (base 15) to base 16.
-ed01a
40253 (base 9) to base 12
13386
Convert -1a704 (base 15) to base 2.
-10100111111000010
Convert -14060 (base 12) to base 13.
-c804
Convert -1036963 (base 13) to base 6.
-253335244
What is 120200122 (base 3) in base 11?
8659
-32302303003 (base 4) to base 7
-44651236
What is -30568237 (base 9) in base 3?
-1000122022021021
Convert -10110000111111111 (base 2) to base 5.
-10344443
-12211011101120 (base 3) to base 9
-5734346
Convert -13204243 (base 5) to base 15.
-290d3
-65071 (base 16) to base 8
-1450161
What is -258207 (base 11) in base 16?
-632bc
-3786762 (base 10) to base 13
-a277b5
-216967 (base 10) to base 14
-590d9
Convert 10010011101100110111 (base 2) to base 12.
252133
What is -232021332 (base 4) in base 13?
-68088
1eff71 (base 16) to base 10
2031473
Convert 9181d1 (base 15) to base 2.
11010010111100110100101
-402037 